. Suppose 2*w - 12 = -3*b + 5, 23 = 3*w + u*b. What is the units digit of (4/2)/(w - -1)?
1
What is the tens digit of 50 + (2 - -2) + -3?
5
Suppose -4*a = -4*n - 6 - 6, -3*a + 2*n + 12 = 0. Let c(m) = m**3 - 6*m**2 + 6*m + 3. Let h be c(4). Let w = h + a. What is the units digit of w?
1
Let u be 14/(-35) - (-2)/5. Suppose u = -5*z + 93 + 17. What is the units digit of z?
2
Suppose -5*p + 22 = -3. Let l(u) = 2*u + 6. Let z be l(p). Suppose 2*a - z = -0*a. What is the units digit of a?
8
Suppose -97 = -3*z + 2*z + l, -2*l + 4 = 0. What is the tens digit of z?
9
Let c(v) = -v**3 - 9*v**2 + 10*v + 14. What is the units digit of c(-10)?
4
Suppose 12 = -0*q + 4*q. Suppose 45 - 222 = -q*a. What is the tens digit of a?
5
Suppose 0 = 2*s - 2*q - q + 20, -4 = -q. Let g = s + 9. Suppose c - 5 = 5*r - 2*r, 2*r + g = c. What is the units digit of c?
5
Let m(h) = -h**3 + 3*h**2 - 2*h + 3. Let t be m(3). What is the units digit of (t/(-9))/(2/6)?
1
Let s(f) = -f + 16. Let l be s(11). Suppose -l*d + 95 = j, -d + 2*j + 45 - 15 = 0. What is the tens digit of d?
2
Let u(h) = -h**3 + 8*h**2 + 2*h - 12. Let f be u(8). Suppose 45 = f*j - 11. What is the units digit of j?
4
Let q(r) = r**2 - 2. Let c = 2 - 1. Let b be (c/3)/(2/18). What is the units digit of q(b)?
7
What is the tens digit of (-2596)/(-10) - 1*14/(-35)?
6
Let d(h) be the second derivative of -h**3/6 + h**2 + h. Let p(b) = b**3 + 2*b**2 + 7*b + 10. Let i be p(-2). What is the units digit of d(i)?
6
Let k = -7 - -18. Let i = k - 7. Suppose 5*y = 3*c + 27, 5*y = -0*y - i*c + 34. What is the units digit of y?
6
Let v be 2 + -3 - (-9 + 63). What is the units digit of (-430)/v + 2/11?
8
Let b be 1 - (-2 - 10)/(-2). Let j(q) = q**3 + 4*q**2 - 6*q - 1. Let r be j(b). Suppose r*y - 9 = 3. What is the units digit of y?
3
Let o be ((-1)/2)/((-3)/12). Suppose 3*h = 2*q + 8, -4*h + 2*q + 12 = -o. What is the units digit of h?
6
Let r = 106 + -2. What is the hundreds digit of r?
1
What is the tens digit of 2/((-1)/((-33)/3))?
2
Suppose 0 = d - 5*f - 23 - 0, -4*f = -5*d + 73. What is the units digit of d?
3
Let t = 111 - -16. What is the tens digit of t?
2
Let z(t) = t**3 + 9*t**2 + 7*t + 1. What is the units digit of z(-7)?
0
Let n(s) = -2*s**2 + 3*s + 7. Let k be n(6). Let i be ((-2)/4)/((-2)/12). What is the units digit of (-1)/(k/(-16) - i)?
6
Suppose 0 = 2*p - 6*p. Suppose p = 3*y + 5*d + 10, 3*d - 5 = 4*d. Suppose y*r + 0*r = 50. What is the tens digit of r?
1
Let w(k) = 35*k + 30. What is the units digit of w(6)?
0
Suppose -3 = l - 16. Let n = -8 + l. Suppose g = -4*z + 3*g + 42, -5*z + 50 = -n*g. What is the units digit of z?
1
Let c be (-1)/(-5) + 198/10. Let j(g) = g - 6. Let a be j(8). What is the units digit of (c/8)/(a/8)?
0
Suppose -5*h + 10 = -0. Let m be (-1 + h)*21/(-3). What is the units digit of 4/(-14) + (-9)/m?
1
Suppose 4*w + 4 = 3*j + 26, 0 = -5*j - w - 29. Let u = 17 + -24. Let l = j - u. What is the units digit of l?
1
Suppose l - 36 = -2*l. Let f = l - -4. What is the tens digit of f?
1
Let l be (-2)/4 - 22/(-4). Suppose l*r = -4*d + 10, -10 + 49 = 4*r - 3*d. Suppose -8 - r = -2*x. What is the units digit of x?
7
Let a be 2/6*(-3)/1. Let l be 24*a/((-8)/6). Suppose o = 4*o - l. What is the units digit of o?
6
Let z(m) = -m**3 - 4*m**2 - m - 1. Let o be z(-4). Let n(k) = k + 7 + 3*k - o*k. What is the units digit of n(-6)?
1
Suppose 0 = -3*s + 4*v - 0*v - 25, 3*v = -2*s + 6. Let m be (-3 - 4/(-2)) + 11. Let p = s + m. What is the units digit of p?
7
Let p = 14 - -10. Let y = 41 - p. What is the tens digit of y?
1
Suppose 0*z - 32 = -2*z. Suppose 3*p - p = -z. Let h = -3 - p. What is the units digit of h?
5
Let x be (-94)/(-8) - (-1)/4. What is the units digit of (x/(-14))/(2/(-14))?
6
Let u = 20 + -10. Suppose 3*p - 3*w + 4*w = 20, u = 4*p - 2*w. Suppose -3*b - 5*q = -23 + 1, -p*b = 3*q - 26. What is the units digit of b?
4
Let g(z) = z**3 - 10*z**2 + z - 7. Let a be g(10). Suppose -r = 3*s + 15 - 55, a*s + 3*r - 30 = 0. What is the units digit of s?
5
Let f = -6 - -8. Suppose -o - 13 = -f*o. What is the units digit of o?
3
Suppose -5*t = k - 40, -4*t - 7*k + 2*k + 53 = 0. What is the units digit of t?
7
Let c = 8 - 5. Suppose 2*o - c*o = -10. Let b = o + -6. What is the units digit of b?
4
Suppose -4 = -0*i - 2*i. Suppose i*w - 47 = 3. Suppose -d - 4*d = -w. What is the units digit of d?
5
Let n = 7 - 11. What is the units digit of n/(24/(-9))*2?
3
Suppose y + 48 = -2*y. Let h = 25 + y. What is the units digit of h?
9
Suppose 23 = 5*y + i, 5*y - 3*i - 3 = 2*y. What is the units digit of y?
4
Suppose 5*d - 51 = -l + 118, 0 = l + 3*d - 171. What is the tens digit of l?
7
Let f(b) = b**3 - b + 5. Suppose 0 = 2*p + p. What is the units digit of f(p)?
5
Let y = -10 - -19. Let i(x) = -x + 11. Let l be i(y). What is the tens digit of 13 - 3 - (l - 4)?
1
Let a(o) = -o**3 - 3*o**2 - 2*o + 1. Suppose -3*c - 3 = 3. Let q be a(c). Let k = q + 10. What is the tens digit of k?
1
Suppose -2*q + 106 = m - 188, 463 = 3*q - 4*m. What is the units digit of q?
9
Let s = -41 - -80. What is the tens digit of s/4 - (-7)/28?
1
Suppose -2*y = -4 - 6. Let x(o) = -o**2 + 5*o + 5. Let q be x(y). Suppose d = r - 9, 3*d + q = 8*d. What is the tens digit of r?
1
Suppose 4 = q + q. Suppose -q*r - r = -27. Let t = 14 - r. What is the units digit of t?
5
Let w(p) be the second derivative of -25*p**3/6 + p**2/2 + 2*p. Let h be w(3). What is the units digit of 12/20 - h/10?
8
Suppose 4*f - 3*h = -0*h + 17, -f = 3*h - 23. Suppose -3*d + 26 = f. What is the units digit of d?
6
Let t be (-1 - -2)/((-3)/36). Let u = 31 + t. What is the tens digit of u?
1
Let r(o) = -3*o + 6. What is the tens digit of r(-11)?
3
Let n be ((-13)/(-3))/(5/(-15)). Let w = n + 19. What is the units digit of w?
6
Let x = 12 + -10. Suppose i - 63 = -x*i. What is the tens digit of i?
2
Let j = -17 - -24. Suppose -h + 3*z - 11 = 0, -2*h - j*z + 3*z - 72 = 0. What is the units digit of (-1)/(h/24 + 1)?
2
Let p = -3 - -18. Let c = p - 1. What is the units digit of c?
4
Let p = -17 + 38. What is the units digit of p?
1
Suppose 0 = -3*y - 4*c + 41, -2*c + c = -2*y + 20. What is the units digit of y?
1
Suppose 22 = -h + 5. Let k = -8 - h. What is the units digit of k?
9
Let j(s) = 1 - 1 - s. Let u be j(-2). What is the units digit of -4 + u - 11*-1?
9
Suppose -o = -0*o - 4. Suppose -q + 5*q = -4*j + o, 2*q = -6. What is the units digit of j?
4
Let d(o) = 3*o**2 - 2*o + 4. Let g(z) = z**3 - z**2 - 1. Suppose -2*t + 2*r = -4, r - 5*r - 6 = -2*t. Let i(k) = t*g(k) - d(k). What is the units digit of i(4)?
3
Let m(a) = 9*a**2 + 2*a - 4*a**3 - 12 - a**2 + 3*a**3. Let z = 1 - -7. What is the units digit of m(z)?
4
Let g(o) = 34*o**3 - 8*o + 7. What is the hundreds digit of g(2)?
2
Let p be (-1)/(-2*2/(-16)). What is the units digit of 2 - (-15 + 3 - p)?
0
Suppose k = -5*h + 24, 8*h = 3*h + 20. Suppose 128 = -0*j + k*j. What is the units digit of j?
2
Let n(w) = -w**3 - 3*w**2 + 6*w + 1. What is the units digit of n(-5)?
1
Suppose -7 = -p + 30. What is the tens digit of p?
3
Suppose 0 = 4*v + v - m - 914, -3*v + 4*m + 562 = 0. What is the units digit of v?
2
Let j(z) = -z**2 + 5*z + 1. Let l be j(4). Suppose -2*m + 37 = m + 5*k, m + l*k + 1 = 0. What is the tens digit of m?
1
Suppose -6*n - 570 = -4*a - 4*n, 432 = 3*a - 3*n. What is the hundreds digit of a?
1
Suppose 3*g = -r + 4, 0 = -g + 2*g. Suppose x - 6 = 2*o + 5*x, -x = r*o - 16. Suppose o*i - 2*m + 4*m - 81 = 0, 4*m - 72 = -4*i. What is the tens digit of i?
1
Let a be 375/(-6)*(-4)/5. Let s = a - 22. Let p = s - 13. What is the units digit of p?
5
Let m(s) = -s**3 + 6*s**2 + 8*s - 2. Let n be m(7). Suppose -g - 35 = -5*v + 2*g, -3*v - 13 = n*g. What is the units digit of v?
4
Let n(d) = -d**3 + 5*d**2 - 3*d + 3. Let m be n(4). Suppose 0 = -m*j + 2*j + 45. What is the units digit of j?
9
Suppose -4*m + 2*m + 6 = 2*y, 0 = -5*m - 10. Suppose 3*s = -y + 2. Let a(i) = -3*i**3 - 1. What is the units digit of a(s)?
2
Let i(f) = 6*f**2 - 2*f. What is the units digit of i(2)?
0
Suppose -4 + 12 = -2*l. Suppose 0 = -4*g - 5*r + 19 - 6, 5*g - 5 = -4*r. What is the units digit of (6/l)/g*10?
5
Let w = -5 + -2. Suppose -3*d + 2*x + 44 = 0, -3*d + 0*d + 20 = 4*x. Let u = w + d. What is the units digit of u?
5
Let p(z) = 